d 686.
98
What is the greatest common divisor of 912 and 48?
48
Calculate the greatest common divisor of 92 and 24.
4
Calculate the greatest common factor of 21 and 7.
7
What is the highest common factor of 360 and 78?
6
What is the greatest common factor of 6549 and 531?
177
Calculate the greatest common divisor of 4200 and 30.
30
Calculate the greatest common divisor of 1050 and 555.
15
Calculate the highest common factor of 165 and 1680.
15
What is the greatest common divisor of 44 and 6149?
11
What is the highest common divisor of 2673 and 66?
33
Calculate the greatest common factor of 1208 and 1359.
151
What is the highest common factor of 164 and 20?
4
What is the highest common divisor of 3150 and 168?
42
What is the greatest common divisor of 63 and 392?
7
Calculate the greatest common factor of 25 and 45.
5
What is the greatest common factor of 36 and 156?
12
Calculate the highest common factor of 145 and 580.
145
Calculate the highest common factor of 518 and 14.
14
What is the greatest common divisor of 10 and 190?
10
What is the greatest common divisor of 222 and 148?
74
Calculate the greatest common divisor of 200 and 1475.
25
What is the highest common divisor of 2119 and 815?
163
Calculate the greatest common divisor of 46 and 506.
46
What is the highest common divisor of 160 and 2?
2
Calculate the greatest common factor of 182 and 104.
26
What is the greatest common divisor of 14 and 350?
14
What is the greatest common factor of 71 and 21158?
71
What is the greatest common divisor of 39 and 2379?
39
Calculate the highest common factor of 37 and 13.
1
Calculate the highest common factor of 13 and 26.
13
Calculate the highest common divisor of 4 and 518.
2
What is the greatest common divisor of 65 and 2605?
5
What is the greatest common factor of 4553 and 116?
29
Calculate the highest common divisor of 136 and 3961.
17
What is the highest common factor of 1148 and 656?
164
Calculate the greatest common divisor of 3099 and 3.
3
Calculate the highest common factor of 135 and 216.
27
Calculate the greatest common factor of 67 and 22445.
67
What is the highest common divisor of 32 and 76?
4
What is the highest common factor of 25 and 425?
25
What is the highest common factor of 16 and 2888?
8
Calculate the greatest common factor of 365 and 15.
5
Calculate the greatest common divisor of 23544 and 27.
27
Calculate the highest common factor of 133 and 38.
19
What is the highest common factor of 20 and 4?
4
Calculate the greatest common divisor of 75 and 7050.
75
What is the greatest common divisor of 250 and 1125?
125
Calculate the highest common factor of 3510 and 2470.
130
Calculate the greatest common factor of 35 and 10.
5
What is the greatest common factor of 188 and 20962?
94
Calculate the greatest common factor of 23 and 2047.
23
Calculate the highest common divisor of 19 and 152.
19
What is the highest common divisor of 1444 and 152?
76
Calculate the highest common divisor of 49 and 27979.
49
What is the highest common divisor of 176 and 1504?
16
Calculate the highest common divisor of 737 and 44.
11
Calculate the greatest common divisor of 53480 and 280.
280
What is the highest common factor of 952 and 14?
14
Calculate the highest common divisor of 24 and 8.
8
What is the greatest common divisor of 1 and 289?
1
Calculate the highest common divisor of 21 and 1533.
21
Calculate the highest common factor of 116 and 812.
116
Calculate the greatest common divisor of 111 and 1369.
37
What is the highest common divisor of 1000 and 10?
10
What is the greatest common divisor of 12 and 15?
3
Calculate the greatest common divisor of 148 and 4551.
37
What is the highest common divisor of 192 and 320?
64
What is the highest common divisor of 1127 and 4669?
161
Calculate the greatest common factor of 82 and 533.
41
What is the greatest common divisor of 720 and 16160?
80
What is the highest common divisor of 6543 and 144?
9
What is the greatest common factor of 3 and 177?
3
Calculate the greatest common factor of 65 and 39.
13
What is the highest common divisor of 16 and 9488?
16
Calculate the highest common divisor of 710 and 35145.
355
Calculate the highest common factor of 618 and 63.
3
Calculate the greatest common divisor of 364 and 448.
28
What is the highest common divisor of 27 and 12933?
27
What is the greatest common factor of 20 and 2305?
5
Calculate the greatest common divisor of 15 and 670.
5
What is the greatest common divisor of 99 and 176?
11
Calculate the greatest common divisor of 9022 and 91.
13
Calculate the greatest common divisor of 70 and 360.
10
Calculate the highest common factor of 3269 and 14.
7
Calculate the greatest common divisor of 273 and 91.
91
Calculate the highest common factor of 12 and 177.
3
Calculate the highest common factor of 108 and 684.
36
What is the highest common factor of 23 and 46?
23
What is the highest common factor of 28 and 7966?
14
What is the greatest common divisor of 21 and 224?
7
What is the greatest common divisor of 177 and 24249?
177
Calculate the greatest common factor of 304 and 266.
38
Calculate the highest common divisor of 345 and 480.
15
What is the greatest common factor of 301 and 4?
1
What is the highest common divisor of 1819 and 17?
17
What is the highest common factor of 108 and 3726?
54
Calculate the greatest common divisor of 1056 and 44.
44
Calculate the highest common divisor of 9333 and 18.
9
Calculate the greatest common divisor of 5729 and 34.
17
What is the highest common factor of 10 and 6?
2
Calculate the greatest common factor of 2380 and 14.
14
Calculate the greatest common divisor of 83 and 5063.
83
What is the highest common divisor of 5359 and 23?
23
Calculate the highest common factor of 35 and 105.
35
What is the greatest common factor of 75 and 175?
25
Calculate the greatest common divisor of 710 and 110.
10
What is the highest common factor of 660 and 300?
60
Calculate the highest common factor of 18 and 828.
18
Calculate the highest common factor of 8070 and 30.
30
What is the highest common factor of 428 and 13054?
214
Calculate the greatest common divisor of 12 and 672.
12
Calculate the highest common factor of 763 and 7.
7
What is the greatest common factor of 885 and 30?
15
Calculate the greatest common divisor of 150 and 4560.
30
Calculate the highest common divisor of 3 and 169.
1
What is the greatest common factor of 24 and 768?
24
What is the highest common factor of 16 and 60?
4
Calculate the greatest common divisor of 86 and 13502.
86
Calculate the greatest common divisor of 663 and 765.
51
Calculate the highest common divisor of 13 and 13.
13
Calculate the greatest common divisor of 5372 and 68.
68
What is the highest common divisor of 4 and 1604?
4
What is the highest common divisor of 459 and 108?
27
What is the highest common factor of 5340 and 60?
60
What is the greatest common factor of 143 and 299?
13
What is the greatest common divisor of 48 and 1264?
16
What is the highest common factor of 9 and 243?
9
Calculate the greatest common divisor of 2210 and 68.
34
What is the highest common divisor of 720 and 70?
10
What is the greatest common factor of 68 and 19992?
68
Calculate the highest common divisor of 84 and 84.
84
Calculate the greatest common factor of 9 and 603.
9
Calculate the highest common divisor of 991 and 2.
1
Calculate the greatest common factor of 93 and 3.
3
Calculate the greatest common divisor of 4526 and 62.
62
Calculate the highest common factor of 364 and 35.
7
Calculate the highest common divisor of 1168 and 56.
8
What is the highest common factor of 36092 and 56?
28
Calculate the highest common factor of 10 and 16350.
10
What is the greatest common factor of 7 and 721?
7
What is the greatest common divisor of 34 and 17714?
34
Calculate the greatest common factor of 18 and 138.
6
What is the greatest common divisor of 9 and 1539?
9
What is the highest common divisor of 62 and 10106?
62
What is the highest common divisor of 50 and 600?
50
Calculate the highest common factor of 2090 and 110.
110
Calculate the greatest common factor of 56 and 8.
8
Calculate the highest common divisor of 528 and 33.
33
What is the greatest common factor of 92 and 4?
4
Calculate the greatest common factor of 4 and 434.
2
Calcula